0 + (1 - 55/50). Suppose -15*s - f = -398. Calculate the remainder when 107 is divided by s.
8
Suppose -3*m + 0 + 9 = 0. Suppose 2219 = 4*d + m*s, 5*d + 4*s - 2780 = -s. Suppose -137 = 3*w - d. What is the remainder when w is divided by 28?
26
Let o(y) = -2*y**3 - 15*y**2 + 28*y + 20. Let h be 5 + 0*5/10. What is the remainder when 3/h - (-1536)/40 is divided by o(-9)?
6
Let h(x) = 10*x + 3. Let n = 14943 - 14686. Calculate the remainder when n is divided by h(4).
42
Suppose 40 = -7*f + 54. Suppose 0 = 8*c + f*c - 200. Let d(l) = l**2 - 5*l + 7. Calculate the remainder when c is divided by d(5).
6
Suppose -4*p - 14*j - 5865 = -19*j, j = 4*p + 5845. What is the remainder when p/(-5)*1*6/8 is divided by 17?
15
Let h(l) = -2*l**3 + 78*l**2 - 249*l + 6730. What is the remainder when h(38) is divided by (2/(-3))/((-2)/96)?
28
Let q = -315 - -310. What is the remainder when 242 is divided by q/(-70)*7*16*8?
50
Suppose 2*u - 59*u + 10659 = 0. What is the remainder when 3925 is divided by u?
185
Let z(m) = m**3 + m**2 + 2*m + 4. Let t be (-2)/3*(-9)/2. Suppose 445 = -14*x + 781. Calculate the remainder when z(t) is divided by x.
22
Suppose 6*x - 3075 = -35*x. What is the remainder when 40 is divided by ((-12)/(-10))/(6/x)?
10
Suppose -4*m = -k - 12080, -3598 + 578 = -m + 3*k. What is the remainder when m is divided by 754?
4
Suppose 15*l = 1561 - 481. Suppose 3*a + a + 54 = 2*u, 4*u - 135 = -a. Let k = l - u. Calculate the remainder when k is divided by 21.
18
Let v(m) = m**3 - 38*m**2 + 86*m + 105. What is the remainder when v(36) is divided by 197?
18
Suppose 10*q = -96 - 84. Calculate the remainder when 7 - 42/q*3 is divided by 9.
5
Let c = -13 + 28. Let m(b) = b**3 + 43*b**2 + 19*b + 890. What is the remainder when m(-43) is divided by (12/c)/(4/130)?
21
Suppose -5*d + 63*d + 45*d = 4635. Suppose 2*n - 2*j - 76 = -0*j, -5*j + 90 = 2*n. Calculate the remainder when d is divided by n.
5
Suppose 5*x - 2*m + 2 = -0, m - 1 = x. Suppose x = 5*t + n + n, -7 = -t + n. Suppose -s = t*s - 153. Calculate the remainder when s is divided by 18.
15
Let h be (-5)/(-2) + (-4329)/(-18). Suppose 0 = 18*z - 27 - h. Calculate the remainder when 284 is divided by z.
14
Let t = 132 - 87. Let u(y) = y**2 + 2*y. Let p be u(-3). Suppose 78 = p*j + 6. What is the remainder when t is divided by j?
21
Calculate the remainder when (-55132)/(-54) + (-22)/(-594) is divided by 30.
1
Suppose -p + 5*x - 3*x = -12, 2*p = 5*x + 20. Suppose p*l - 704 + 44 = 0. Calculate the remainder when 292 is divided by l.
28
Let i(p) = -41*p - 41. Let g be i(-7). Let z = -219 + g. Calculate the remainder when 77 is divided by z.
23
Suppose 31*q - 8*q + 5*q = 1736. What is the remainder when 242 is divided by q?
56
Calculate the remainder when (-12)/(-14)*866*(-115 + 3)/(-8) is divided by 165.
162
Calculate the remainder when (11484/290 - 40)/(5013/5015 - 1) is divided by 500.
3
Let p(m) = m**3 - 14*m**2 + 6*m - 27. Let a be p(14). Suppose a = 8*o - 63. Calculate the remainder when 40 is divided by o.
10
Let b = -5 - -7. Let o = -840 + 850. Calculate the remainder when o is divided by b.
0
Suppose 4*k + 932 = 4*n, -27 = n - 5*k - 252. Suppose -5*u = -n - 235. What is the remainder when u is divided by 2/4 + (-434)/(-28)?
14
Suppose 5*w - 4*y = -0*y + 301, -4*w + 3*y + 241 = 0. Calculate the remainder when (-703920)/(-2095) - 54/(-2) is divided by w.
58
Suppose -71*w = -2408 - 3627. What is the remainder when w is divided by 17?
0
Suppose 18*k + 2832 = 6739 + 6425. Calculate the remainder when k is divided by 96.
94
Let x be (-3 - -1) + -3 + -91. Let r = x + 127. Calculate the remainder when r is divided by 11.
9
Let i = 1306 - 1294. Let b = 20 + -1. Let o = b - i. Calculate the remainder when 33 is divided by o.
5
Let x = -228 - -234. Suppose -3*z + 20 = r, 0 = 4*z + x + 2. What is the remainder when 207 is divided by r?
25
Let w(h) = -9*h + 86. Let q be w(9). Suppose -q*d = -0*x + 2*x - 45, -4*d = x - 30. Calculate the remainder when 66 is divided by x.
6
What is the remainder when 955 is divided by 1*4/(-54) + (-4478796)/(-23814)?
15
Calculate the remainder when 3454 is divided by 31/(-341) - 61*(-52)/44.
70
Let f = 44 + -18. Let x = 42 - f. Let a = 150 - 73. Calculate the remainder when a is divided by x.
13
Let f(n) = 237*n + 7275. What is the remainder when 191 is divided by f(-30)?
26
Suppose -5*m - 83*r = -88*r - 46355, r - 3 = 0. What is the remainder when m is divided by 12?
10
Suppose 0 = q - 5 - 14. Suppose -117*n - 2*g + 4 = -115*n, 4*n + 12 = -9*g. Calculate the remainder when q is divided by n.
1
Suppose -13521 = -193*k + 9286 + 1318. What is the remainder when 391 is divided by k?
16
Let r(l) = 3*l**2 - 10*l + 41. Suppose -5*q + 3*g - g = -25, 4*q + 5*g + 13 = 0. What is the remainder when 149 is divided by r(q)?
35
Let h = 8936 - 8361. What is the remainder when h is divided by 159?
98
Let v = 4522 + -4495. Calculate the remainder when 8528 is divided by v.
23
Let z(t) = 10*t**2 - t - 5. Let b be z(-2). Let i be (-3 - -9)/18*(b + -1). What is the remainder when (-5)/((-37)/i + 3) is divided by 21?
18
Let o(i) = -i**3 + 15*i**2 + 69*i - 42. Calculate the remainder when o(10) is divided by 17.
9
Let j = 286 + -172. Suppose -210*z + 213*z - j = 0. What is the remainder when 151 is divided by z?
37
Let j = 1619 + -1142. Calculate the remainder when j is divided by 40.
37
Let x(o) = -o**3 - 19*o**2 - 121*o - 133. What is the remainder when x(-9) is divided by 104?
42
Suppose 3 = l + 4*a - 163, 2*a = -6. Let v = l + -162. What is the remainder when 41 is divided by v?
9
Let k(z) = 4*z + 1150. Let g = 56 - 56. Let n be k(g). Suppose -8*w + n = 110. Calculate the remainder when w is divided by 33.
31
Let n(y) = -y - 28. Let u be n(-26). Let s be u/1 - 2/(-4)*-1324. Calculate the remainder when 85 is divided by s/(-30) - 10/75.
19
Let d = 32 - -174. Let u = 55 + d. What is the remainder when u is divided by 33?
30
Let n = -2614 - -2774. Suppose -270 = s - 6*s. What is the remainder when n is divided by s?
52
Suppose 0 = 3*a - 2*q - 284, -108*a = -111*a + 4*q + 286. Calculate the remainder when 483 is divided by a.
13
Let x be (12/(-1))/(-1 - (-12)/9). What is the remainder when ((-54)/(-10))/(x/(-540)) is divided by 39?
3
Suppose 4*w - 2 = 10. Let r(k) = 2*k**3 + 11*k**2 + 2*k + 19. Calculate the remainder when r(-5) is divided by w.
1
Let g(y) = 8*y**2 - 4*y + 10. Let k be g(2). Suppose 26*u - k*u + 192 = 0. Let w = 149 + -104. Calculate the remainder when w is divided by u.
21
Suppose 3*w + 4*m + 69 = -0*m, 4*m = 0. Let n be (-2604)/(-45) - (-24)/180. Let q = n + w. Calculate the remainder when q is divided by 21.
14
Let u = 5148 - 4332. Calculate the remainder when u is divided by 25.
16
Let i be (-1)/2*(-216)/(-2). Let j = i + 57. Suppose 4*w - 27 = -j. What is the remainder when 39 is divided by w?
3
Let q(p) = -2*p**3 + 31*p**2 - 11*p - 42. Let j be q(15). Suppose -3*i + 25 = 2*i. Let m = j - i. Calculate the remainder when 62 is divided by m.
10
Let j(q) = -q**3 - 25*q**2 - 4*q + 67. What is the remainder when j(-25) is divided by 7?
6
Suppose 7*d - 664 = 22. Suppose 5*n + 5 = 0, 3*h + 7*n - 11 = 3*n. Calculate the remainder when d is divided by ((-12)/30)/((-4)/66)*h.
32
Let d(u) = u**3 - 4*u**2 - 14*u + 98. What is the remainder when 3266 is divided by d(6)?
84
Let i = -329 + 364. What is the remainder when 1502 is divided by i?
32
Suppose -28*k - 21854 = -24307 - 46995. Calculate the remainder when k is divided by 104.
102
Let g = -6841 - -7721. Calculate the remainder when g is divided by 18.
16
Let s be ((-11)/(-33))/((-2)/(-24)). Suppose m + 2 = s*i, 4*i - 2*i + 76 = -5*m. Let r = 30 + m. Calculate the remainder when 42 is divided by r.
10
Suppose -82 = -20*v + 21*v. Let l be v*1 + (-6 - -9). Let s = 137 + l. What is the remainder when s is divided by 31?
27
Let y = -660 - -1248. Let l = y - 555. Let u = 10 - -7. What is the remainder when l is divided by u?
16
Suppose 3*s = 2 + 13. Suppose f + 2*f - 5*n = 1240, 2*f + s*n = 860. Suppose -f = -24*k + 10*k. What is the remainder when 59 is divided by k?
29
Suppose 0 = 4*c - 5*o - 5131, 0 = 5*c - 3*c - 5*o - 2563. What is the remainder when c is divided by 76?
68
Suppose 0 = -14*k - 109 + 361. Calculate the remainder when 321